0 is divided by 115?
75
Calculate the remainder when 88263 is divided by 165.
153
Calculate the remainder when 4900 is divided by 489.
10
What is the remainder when 243 is divided by 64?
51
What is the remainder when 13943 is divided by 5?
3
What is the remainder when 29779 is divided by 43?
23
What is the remainder when 163810 is divided by 2644?
2526
What is the remainder when 145019 is divided by 101?
84
Calculate the remainder when 888979 is divided by 1467.
1444
What is the remainder when 1904 is divided by 737?
430
What is the remainder when 16436 is divided by 518?
378
Calculate the remainder when 13501 is divided by 50.
1
Calculate the remainder when 16260 is divided by 9.
6
What is the remainder when 195771 is divided by 47?
16
Calculate the remainder when 381 is divided by 350.
31
Calculate the remainder when 140568 is divided by 180.
168
Calculate the remainder when 13958 is divided by 341.
318
What is the remainder when 43672 is divided by 43629?
43
Calculate the remainder when 52142 is divided by 350.
342
Calculate the remainder when 45129 is divided by 9025.
4
Calculate the remainder when 2332 is divided by 347.
250
Calculate the remainder when 164344 is divided by 29.
1
What is the remainder when 461176 is divided by 4310?
6
What is the remainder when 2918 is divided by 67?
37
Calculate the remainder when 75776 is divided by 8.
0
What is the remainder when 42188 is divided by 4218?
8
Calculate the remainder when 200 is divided by 185.
15
Calculate the remainder when 1657 is divided by 416.
409
What is the remainder when 395174 is divided by 194?
190
Calculate the remainder when 9344 is divided by 4.
0
Calculate the remainder when 822481 is divided by 271.
267
What is the remainder when 25215 is divided by 654?
363
Calculate the remainder when 89234 is divided by 44614.
6
Calculate the remainder when 33642 is divided by 862.
24
Calculate the remainder when 1059 is divided by 191.
104
What is the remainder when 99110 is divided by 52?
50
Calculate the remainder when 205358 is divided by 590.
38
Calculate the remainder when 558484 is divided by 436.
404
What is the remainder when 128346 is divided by 13?
10
Calculate the remainder when 449642 is divided by 7494.
2
Calculate the remainder when 86893 is divided by 205.
178
Calculate the remainder when 822957 is divided by 27.
24
What is the remainder when 14626 is divided by 35?
31
What is the remainder when 13344 is divided by 89?
83
What is the remainder when 22960 is divided by 1349?
27
Calculate the remainder when 10322 is divided by 150.
122
Calculate the remainder when 1608 is divided by 179.
176
Calculate the remainder when 4924 is divided by 5.
4
Calculate the remainder when 7690 is divided by 189.
130
What is the remainder when 628630 is divided by 8?
6
Calculate the remainder when 11949 is divided by 631.
591
Calculate the remainder when 435472 is divided by 20.
12
What is the remainder when 13262 is divided by 84?
74
Calculate the remainder when 205464 is divided by 205406.
58
Calculate the remainder when 3286 is divided by 663.
634
Calculate the remainder when 74590 is divided by 148.
146
What is the remainder when 574 is divided by 535?
39
What is the remainder when 83841 is divided by 612?
609
What is the remainder when 4900 is divided by 16?
4
Calculate the remainder when 20593 is divided by 206.
199
Calculate the remainder when 11014 is divided by 2198.
24
Calculate the remainder when 2764 is divided by 630.
244
What is the remainder when 660 is divided by 35?
30
What is the remainder when 21438 is divided by 195?
183
What is the remainder when 56652 is divided by 39?
24
Calculate the remainder when 31954 is divided by 591.
40
What is the remainder when 32040 is divided by 314?
12
What is the remainder when 148336 is divided by 152?
136
What is the remainder when 1515 is divided by 582?
351
What is the remainder when 1068947 is divided by 13?
9
Calculate the remainder when 27997 is divided by 250.
247
Calculate the remainder when 16564 is divided by 33.
31
What is the remainder when 19228 is divided by 565?
18
What is the remainder when 981192 is divided by 10665?
12
Calculate the remainder when 909 is divided by 196.
125
Calculate the remainder when 87100 is divided by 264.
244
Calculate the remainder when 9162 is divided by 228.
42
Calculate the remainder when 737909 is divided by 33.
29
Calculate the remainder when 2058551 is divided by 206.
199
Calculate the remainder when 11744 is divided by 1673.
33
Calculate the remainder when 1131 is divided by 1124.
7
What is the remainder when 1693 is divided by 153?
10
What is the remainder when 24073 is divided by 84?
49
What is the remainder when 10781 is divided by 10720?
61
Calculate the remainder when 17144 is divided by 8572.
0
What is the remainder when 1576 is divided by 1561?
15
What is the remainder when 65418 is divided by 21800?
18
Calculate the remainder when 5790 is divided by 163.
85
What is the remainder when 35316 is divided by 11?
6
What is the remainder when 2455 is divided by 1221?
13
Calculate the remainder when 9355 is divided by 195.
190
Calculate the remainder when 18675 is divided by 49.
6
Calculate the remainder when 538966 is divided by 102.
100
What is the remainder when 2166 is divided by 194?
32
What is the remainder when 127180 is divided by 18167?
11
What is the remainder when 15351 is divided by 728?
63
Calculate the remainder when 48163 is divided by 1926.
13
What is the remainder when 5780 is divided by 190?
80
What is the remainder when 9446 is divided by 9435?
11
Calculate the remainder when 489526 is divided by 18.
16
What is the remainder when 6816662 is divided by 223?
221
What is the remainder when 1417 is divided by 897?
520
Calculate the remainder when 33564 is divided by 16769.
26
Calculate the remainder when 31902 is divided by 35.
17
What is the remainder when 759 is divided by 372?
15
What is the remainder when 304125 is divided by 152051?
23
What is the remainder when 28323 is divided by 2360?
3
Calculate the remainder when 1581 is divided by 829.
752
Calculate the remainder when 304575 is divided by 194.
189
Calculate the remainder when 65220 is divided by 114.
12
What is the remainder when 130517 is divided by 18?
17
What is the remainder when 1171078 is divided by 1513?
16
What is the remainder when 2895 is divided by 362?
361
What is the remainder when 1650197 is divided by 11?
10
Calculate the remainder when 108127 is divided by 11.
8
What is the remainder when 81242 is divided by 27079?
5
What is the remainder when 6874 is divided by 684?
34
What is the remainder when 954 is divided by 65?
44
What is the remainder when 597657 is divided by 210?
207
Calculate the remainder when 12214 is divided by 381.
22
Calculate the remainder when 1227075 is divided by 131.
129
Calculate the remainder when 50621 is divided by 71.
69
Calculate the remainder when 6362 is divided by 636.
2
What is the remainder when 2417174 is divided by 504?
494
What is the remainder when 14899 is divided by 1485?
49
Calculate the remainder when 2359 is divided by 477.
451
What is the remainder when 3093 is divided by 1303?
487
What is the remainder when 77250 is divided by 59?
19
What is the remainder when 48437 is divided by 26?
25
Calculate the remainder when 227926 is divided by 14.
6
What is the remainder when 68784 is divided by 68770?
14
Calculate the remainder when 669 is divided by 650.
19
Calculate the remainder when 58013 is divided by 7250.
13
What is the remainder when 19872 is divided by 698?
328
What is the remainder when 8754 is divided by 1947?
966
Calculate the remainder when 2308 is divided by 322.
54
What is the remainder when 68023 is divided by 113?
110
Calculate the remainder when 34221 is divided by 5.
1
Calculate the remainder when 1324 is divided by 494.
336
Calculate the remainder when 130813 is divided by 7694.
15
What is the remainder when 58880 is divided by 33?
8
Calculate the remainder when 11680 is divided by 47.
24
Calculate the remainder when 19245 is divided by 1597.
81
Calculate the remainder when 29142 is divided by 8.
6
What is the remainder when 11770 is divided by 11690?
80
Calculate the remainder when 1531312 is divided by 218758.
6
Calculate the remainder w